{"id":12,"date":"2019-05-26T09:29:52","date_gmt":"2019-05-26T09:29:52","guid":{"rendered":"http:\/\/psychotherapie-neckarsulm.de\/?page_id=12"},"modified":"2023-02-03T13:19:05","modified_gmt":"2023-02-03T13:19:05","slug":"impressum","status":"publish","type":"page","link":"https:\/\/psychotherapie-neckarsulm.de\/?page_id=12","title":{"rendered":"Impressum"},"content":{"rendered":"\n<h3 class=\"wp-block-heading\">Praxisinformationen<\/h3>\n\n\n\n<p class=\"has-small-font-size wp-block-paragraph\">Praxis f\u00fcr Psychotherapie<br>Dipl.-Psych. Karolin-Sofie Evers<br>Peter-Heinrich-Merckle-Stra\u00dfe 22<br>74172 Neckarsulm<br>Tel.: 0170\/ 54 24 276<br>E-Mail: kontakt(at)psychotherapie-neckarsulm.de<\/p>\n\n\n\n<h3 class=\"wp-block-heading\">Berufsspezifische Angaben<\/h3>\n\n\n\n<p class=\"has-small-font-size wp-block-paragraph\">Die Berufsbezeichnung Psychologische Psychotherapeutin wurde in Deutschland verliehen.<br>Approbation als Psychologische Psychotherapeutin durch das Landespr\u00fcfungsamt f\u00fcr Medizin und Pharmazie des Regierungspr\u00e4sidiums Stuttgart in Baden-W\u00fcrttemberg verliehen.<br>Eintrag in das Arztregister der <a href=\"http:\/\/www.kvbawue.de\">Kassen\u00e4rztlichen Vereinigung Baden-W\u00fcrttemberg<\/a>.<br>Lebenslange Arzt-Nummer (LANR): 630490768, Betriebsst\u00e4tten-Nummer (BSNR): 617010400<\/p>\n\n\n\n<h3 class=\"wp-block-heading\"> Zust\u00e4ndige Aufsichtsbeh\u00f6rde<\/h3>\n\n\n\n<p class=\"has-small-font-size wp-block-paragraph\">Landespsychotherapeutenkammer Baden-W\u00fcrttemberg<br><\/p>\n\n\n\n<h3 class=\"wp-block-heading\"> Berufsrechtliche Regelungen<\/h3>\n\n\n\n<p class=\"has-small-font-size wp-block-paragraph\"> <a href=\"http:\/\/www.gesetze-im-internet.de\/psychthg\/\">Psychotherapeutengesetz<\/a><br><a href=\"https:\/\/www.kbv.de\/media\/sp\/01_Psychotherapie_Aerzte.pdf\"> Psychotherapievereinbarung<\/a><br> <a href=\"https:\/\/www.g-ba.de\/themen\/bedarfsplanung\/bedarfsplanungsrichtlinie\/\">Bedarfsplanungsrichtlinie<\/a><br><a href=\"https:\/\/www.aerztekammer-bw.de\/10aerzte\/40merkblaetter\/20recht\/10gesetze\/hbkg.pdf\"> Heilberufsgesetz<\/a><br> <a href=\"https:\/\/www.bundesaerztekammer.de\/recht\/gesetze-und-verordnungen\/patientenrechtegesetz\/\">Patientenrechtegesetz<\/a><br> <a href=\"https:\/\/www.g-ba.de\/downloads\/62-492-958\/PT-RL_2014-10-16_iK-2015-01-03.pdf\">Psychotherapie-Richtlinie<\/a><br><a href=\"https:\/\/www.lpk-bw.de\/sites\/default\/files\/kammer\/satzungen\/berufsordnung-lpk-bw.pdf\"> Berufsordnung der Landespsychotherapeutenkammer Baden-W\u00fcrttemberg<\/a><br> <\/p>\n\n\n\n<h3 class=\"wp-block-heading\">Haftungshinweis<\/h3>\n\n\n\n<p class=\"has-small-font-size wp-block-paragraph\">Trotz sorgf\u00e4ltiger inhaltlicher Kontrolle \u00fcbernehme ich keine Haftung\n f\u00fcr die Inhalte externer Links. F\u00fcr den Inhalt der verlinkten Seiten \nsind ausschlie\u00dflich deren Betreiber verantwortlich.<\/p>\n\n\n\n<h3 class=\"wp-block-heading\">Urheberrecht<\/h3>\n\n\n\n<p class=\"has-small-font-size wp-block-paragraph\">Die selbstverfassten Inhalte auf dieser Seite unterliegen dem \ndeutschen Urheberrecht. Die Vervielf\u00e4ltigung, Bearbeitung, Verbreitung \nund jede Art der Verwertung au\u00dferhalb der Grenzen des Urheberrechtes \nbed\u00fcrfen einer schriftlichen Zustimmung. Downloads und Kopien dieser \nSeite sind nur f\u00fcr den privaten, nicht kommerziellen Gebrauch gestattet.\n <\/p>\n\n\n\n<p class=\"has-small-font-size wp-block-paragraph\">Verantwortlich f\u00fcr den Inhalt dieser Seite gem\u00e4\u00df \u00a710 Absatz 3 MDStV:  Dipl.-Psych. Karolin-Sofie Evers, Peter-Heinrich-Merckle-Str. 22, 74172 Neckarsulm, karolin.evers(at)web.de, Telefon 01705424276<\/p>\n\n\n\n<h3 class=\"wp-block-heading\">Haftungsausschluss (Disclaimer):<\/h3>\n\n\n\n<p class=\"has-small-font-size wp-block-paragraph\"><strong>Haftung f\u00fcr Inhalte<\/strong><br>Als Diensteanbieter sind wir \ngem\u00e4\u00df \u00a7 7 Abs.1 TMG f\u00fcr eigene Inhalte auf diesen Seiten nach den \nallgemeinen Gesetzen verantwortlich. Nach \u00a7\u00a7 8 bis 10 TMG sind wir als \nDiensteanbieter jedoch nicht verpflichtet, \u00fcbermittelte oder \ngespeicherte fremde Informationen zu \u00fcberwachen oder nach Umst\u00e4nden zu \nforschen, die auf eine rechtswidrige T\u00e4tigkeit hinweisen. \nVerpflichtungen zur Entfernung oder Sperrung der Nutzung von \nInformationen nach den allgemeinen Gesetzen bleiben hiervon unber\u00fchrt. \nEine diesbez\u00fcgliche Haftung ist jedoch erst ab dem Zeitpunkt der \nKenntnis einer konkreten Rechtsverletzung m\u00f6glich. Bei Bekanntwerden von\n entsprechenden Rechtsverletzungen werden wir diese Inhalte umgehend \nentfernen.<\/p>\n\n\n\n<p class=\"has-small-font-size wp-block-paragraph\"><strong>Haftung f\u00fcr Links<\/strong><br>Unser Angebot enth\u00e4lt Links zu \nexternen Webseiten Dritter, auf deren Inhalte wir keinen Einfluss haben.\n Deshalb k\u00f6nnen wir f\u00fcr diese fremden Inhalte auch keine Gew\u00e4hr \n\u00fcbernehmen. F\u00fcr die Inhalte der verlinkten Seiten ist stets der \njeweilige Anbieter oder Betreiber der Seiten verantwortlich. Die \nverlinkten Seiten wurden zum Zeitpunkt der Verlinkung auf m\u00f6gliche \nRechtsverst\u00f6\u00dfe \u00fcberpr\u00fcft. Rechtswidrige Inhalte waren zum Zeitpunkt der \nVerlinkung nicht erkennbar. Eine permanente inhaltliche Kontrolle der \nverlinkten Seiten ist jedoch ohne konkrete Anhaltspunkte einer \nRechtsverletzung nicht zumutbar. Bei Bekanntwerden von \nRechtsverletzungen werden wir derartige Links umgehend entfernen.<\/p>\n\n\n\n<p class=\"has-small-font-size wp-block-paragraph\"><strong>Urheberrecht<\/strong><br>Die durch die Seitenbetreiber  erstellten Inhalte und Werke auf diesen Seiten unterliegen dem deutschen  Urheberrecht. Die Vervielf\u00e4ltigung, Bearbeitung, Verbreitung und jede  Art der Verwertung au\u00dferhalb der Grenzen des Urheberrechtes bed\u00fcrfen der  schriftlichen Zustimmung des jeweiligen Autors bzw. Erstellers.  Downloads und Kopien dieser Seite sind nur f\u00fcr den privaten, nicht  kommerziellen Gebrauch gestattet. Soweit die Inhalte auf dieser Seite  nicht vom Betreiber erstellt wurden, werden die Urheberrechte Dritter  beachtet. Insbesondere werden Inhalte Dritter als solche gekennzeichnet.  Sollten Sie trotzdem auf eine Urheberrechtsverletzung aufmerksam  werden, bitten wir um einen entsprechenden Hinweis. Bei Bekanntwerden  von Rechtsverletzungen werden wir derartige Inhalte umgehend entfernen.<\/p>\n\n\n\n<p class=\"has-small-font-size wp-block-paragraph\"><strong>Keine Abmahnung ohne Kontakt!<\/strong><br>Im Falle der Geltendmachung von Anspr\u00fcchen jeglicher Art aus Urheber-, wettbewerbsrechtlichen sowie markenrechtlichen Angelegenheiten bitte ich, zur Vermeidung unn\u00f6tiger Rechtsstreitigkeiten, Abmahnungen und Kosten, mich umgehend zu kontaktieren. Falls Anspr\u00fcche der oben genannten Art reklamiert werden, sage ich bereits hier vor einer endg\u00fcltigen rechtsverbindlichen Kl\u00e4rung Abhilfe zu, durch die eine eventuelle Wiederholungsgefahr verbindlich ausgeschlossen ist. Eine dennoch ergehende Kostennote einer anwaltlichen Abmahnung ohne vorhergehende Kontaktaufnahme w\u00fcrde sodann wegen Nichtbeachtung einer\u00a0Schadensminderungspflicht\u00a0zur\u00fcckgewiesen.\u00a0<br><br>Die in diesem Sinne unn\u00f6tigen bzw. unberechtigten Abmahnungen und Folgema\u00dfnahmen w\u00fcrden mit einer negativen Feststellungsklage beantwortet. Dies gilt auch f\u00fcr \u00a0Abmahnungen, die unter \u00a7 8 (4) UWG fallen.<br><br>Sollte der Inhalt oder die Aufmachung dieser Seiten fremde Rechte Dritter oder gesetzliche Bestimmungen verletzen, so bitte ich um eine entsprechende Nachricht ohne Kostennote. Die Beseitigung einer m\u00f6glicherweise von diesen Seiten ausgehenden Schutzrecht-Verletzung durch Schutzrecht-Inhaberinnen selbst darf nicht ohne meine Zustimmung stattfinden.<\/p>\n\n\n\n<p class=\"has-small-font-size wp-block-paragraph\">\u200bQuellenangabe: <a rel=\"noreferrer noopener\" href=\"http:\/\/www.e-recht24.de\/muster-disclaimer.html\" target=\"_blank\">eRecht24<\/a><\/p>\n","protected":false},"excerpt":{"rendered":"<p> &hellip;<\/p>\n","protected":false},"author":1,"featured_media":0,"parent":0,"menu_order":0,"comment_status":"closed","ping_status":"closed","template":"","meta":{"_crdt_document":"","footnotes":""},"class_list":["post-12","page","type-page","status-publish","hentry"],"_links":{"self":[{"href":"https:\/\/psychotherapie-neckarsulm.de\/index.php?rest_route=\/wp\/v2\/pages\/12","targetHints":{"allow":["GET"]}}],"collection":[{"href":"https:\/\/psychotherapie-neckarsulm.de\/index.php?rest_route=\/wp\/v2\/pages"}],"about":[{"href":"https:\/\/psychotherapie-neckarsulm.de\/index.php?rest_route=\/wp\/v2\/types\/page"}],"author":[{"embeddable":true,"href":"https:\/\/psychotherapie-neckarsulm.de\/index.php?rest_route=\/wp\/v2\/users\/1"}],"replies":[{"embeddable":true,"href":"https:\/\/psychotherapie-neckarsulm.de\/index.php?rest_route=%2Fwp%2Fv2%2Fcomments&post=12"}],"version-history":[{"count":13,"href":"https:\/\/psychotherapie-neckarsulm.de\/index.php?rest_route=\/wp\/v2\/pages\/12\/revisions"}],"predecessor-version":[{"id":158,"href":"https:\/\/psychotherapie-neckarsulm.de\/index.php?rest_route=\/wp\/v2\/pages\/12\/revisions\/158"}],"wp:attachment":[{"href":"https:\/\/psychotherapie-neckarsulm.de\/index.php?rest_route=%2Fwp%2Fv2%2Fmedia&parent=12"}],"curies":[{"name":"wp","href":"https:\/\/api.w.org\/{rel}","templated":true}]}}